factors of 301626897?
3, 11, 13, 43, 83, 197
What are the prime factors of 84836672?
2, 19, 69767
List the prime factors of 724254545.
5, 7, 41, 72101
List the prime factors of 452240127.
3, 41, 757, 1619
What are the prime factors of 70938240?
2, 3, 5, 36947
List the prime factors of 1167895528.
2, 37, 499, 7907
What are the prime factors of 699101142?
2, 3, 827, 140891
List the prime factors of 447432597.
3, 49714733
List the prime factors of 239056811.
7, 113, 302221
List the prime factors of 262245058.
2, 31, 4229759
What are the prime factors of 81162048?
2, 3, 11, 83, 463
What are the prime factors of 4925689?
61, 80749
List the prime factors of 477651699.
3, 7, 127, 59699
What are the prime factors of 79636185?
3, 5, 113, 15661
List the prime factors of 80803273.
59, 67, 20441
What are the prime factors of 74541511?
11, 6776501
List the prime factors of 55677232.
2, 13, 267679
What are the prime factors of 1465310302?
2, 732655151
List the prime factors of 104380859.
11, 9489169
List the prime factors of 433583990.
2, 5, 7, 19, 53, 6151
What are the prime factors of 48380776?
2, 17, 23, 15467
What are the prime factors of 104922633?
3, 4003, 8737
List the prime factors of 117149354.
2, 7, 83, 181, 557
What are the prime factors of 467572958?
2, 727, 321577
List the prime factors of 23318832.
2, 3, 17, 41
List the prime factors of 55395887.
19, 29, 100537
What are the prime factors of 819001680?
2, 3, 5, 7, 9949
List the prime factors of 192683064.
2, 3, 7, 613, 1871
List the prime factors of 77343700.
2, 5, 7, 110491
What are the prime factors of 44329934?
2, 11, 2014997
What are the prime factors of 4604015234?
2, 7, 13, 29, 593, 1471
List the prime factors of 143040468.
2, 3, 97, 122887
List the prime factors of 2510213850.
2, 3, 5, 89, 233, 269
What are the prime factors of 186613869?
3, 13, 29, 164999
What are the prime factors of 1732516828?
2, 7, 41, 59, 25579
List the prime factors of 171401018.
2, 59, 607, 2393
List the prime factors of 6299823.
3, 2099941
List the prime factors of 296995736.
2, 1559, 23813
What are the prime factors of 260797515?
3, 5, 11, 19, 41, 2029
What are the prime factors of 2260554242?
2, 4261, 265261
List the prime factors of 3224437224.
2, 3, 31, 37, 117133
List the prime factors of 1299679137.
3, 6329, 22817
What are the prime factors of 5421790?
2, 5, 11, 23, 2143
List the prime factors of 146456461.
146456461
What are the prime factors of 1301286833?
7, 11, 16899829
What are the prime factors of 408931941?
3, 11, 53, 229, 1021
List the prime factors of 19238702.
2, 7, 113, 12161
What are the prime factors of 12670631?
23, 593, 929
List the prime factors of 78065756.
2, 19, 1027181
List the prime factors of 1145933182.
2, 587, 976093
What are the prime factors of 16739878?
2, 197, 42487
What are the prime factors of 41340129?
3, 139, 99137
What are the prime factors of 222550340?
2, 5, 997, 11161
List the prime factors of 142993223.
47, 211, 14419
What are the prime factors of 795608495?
5, 11, 14465609
What are the prime factors of 1439121365?
5, 11, 71, 33503
List the prime factors of 771761820.
2, 3, 5, 1129, 11393
What are the prime factors of 787051927?
23, 34219649
What are the prime factors of 44007519?
3, 14669173
What are the prime factors of 990098874?
2, 3, 751, 73243
List the prime factors of 10452865.
5, 2090573
List the prime factors of 339115240.
2, 5, 8477881
List the prime factors of 5465627.
5465627
List the prime factors of 118295015.
5, 3919, 6037
List the prime factors of 2382254.
2, 7, 263, 647
What are the prime factors of 56318337?
3, 19, 329347
List the prime factors of 463738870.
2, 5, 7, 53, 239, 523
List the prime factors of 122503975.
5, 11, 29, 15361
List the prime factors of 904192056.
2, 3, 17, 607, 1217
What are the prime factors of 121281205?
5, 113, 214657
List the prime factors of 49074186.
2, 3, 7, 166919
What are the prime factors of 522722556?
2, 3, 14520071
What are the prime factors of 1050924679?
7, 150132097
What are the prime factors of 1862555359?
7, 1709, 155693
List the prime factors of 135061495.
5, 43, 628193
What are the prime factors of 21710564?
2, 17, 37, 8629
What are the prime factors of 1938755796?
2, 3, 161562983
What are the prime factors of 313350877?
7, 44764411
What are the prime factors of 22664386?
2, 1123, 10091
What are the prime factors of 989971308?
2, 3, 1018489
What are the prime factors of 360022962?
2, 3, 13, 4615679
What are the prime factors of 80129243?
181, 442703
What are the prime factors of 186930064?
2, 11683129
List the prime factors of 16518224.
2, 331, 3119
List the prime factors of 92117926.
2, 31, 127, 11699
List the prime factors of 165757947.
3, 55252649
What are the prime factors of 1263327660?
2, 3, 5, 7, 691, 1451
What are the prime factors of 696202792?
2, 2819, 30871
List the prime factors of 282082198.
2, 141041099
What are the prime factors of 6711938?
2, 401, 8369
List the prime factors of 1973102751.
3, 9473, 23143
What are the prime factors of 11480200?
2, 5, 61, 941
What are the prime factors of 755531730?
2, 3, 5, 8394797
What are the prime factors of 15497485?
5, 3099497
What are the prime factors of 170211502?
2, 5077, 16763
List the prime factors of 602811281.
43, 14018867
What are the prime factors of 68731560?
2, 3, 5, 190921
List the prime factors of 1219132553.
53, 23002501
List the prime factors of 46348643.
11, 2017, 2089
List the prime factors of 87076820.
2, 5, 467, 9323
What are the prime factors of 89988207?
3, 43, 697583
What are the prime factors of 93417637?
37, 601, 4201
What are the prime factors of 133696160?
2, 5, 13, 17, 19, 199
List the prime factors of 6769079.
6769079
What are the prime factors of 1703391813?
3, 31, 47, 129901
List the prime factors of 14143200.
2, 3, 5, 71, 83
What are the prime factors of 4313947552?
2, 101, 647, 2063
List the prime factors of 67499068.
2, 7, 13, 59, 449
List the prime factors of 1081707107.
13, 19, 4379381
List the prime factors of 330524145.
3, 5, 7, 23, 37, 137
What are the prime factors of 26199987?
3, 11, 793939
What are the prime factors of 45978326?
2, 743, 30941
List the prime factors of 610188054.
2, 3, 7, 1427, 10181
List the prime factors of 235001352.
2, 3, 9791723
What are the prime factors of 681965807?
31, 21998897
List the prime factors of 28226799.
3, 19, 18341
List the prime factors of 1570387774.
2, 53, 659, 22481
List the prime factors of 141261284.
2, 953, 37057
What are the prime factors of 1429025325?
3, 5, 7, 13, 209381
List the prime factors of 24654147.
3, 7, 29, 40483
List the prime factors of 63988639.
11, 13, 34421
List the prime factors of 288950803.
19, 15207937
List the prime factors of 1429052380.
2, 5, 7, 67, 73, 2087
List the prime factors of 66437260.
2, 5, 29, 114547
List the prime factors of 531623856.
2, 3, 11075497
List the prime factors of 558884484.
2, 3, 83, 187043
What are the prime factors of 49334270?
2, 5, 4933427
List the prime factors of 56149218.
2, 3, 19, 8641
List the prime factors of 2213094009.
3, 7, 1013, 104033
What are the prime factors of 33006785?
5, 7, 29, 31, 1049
List the prime factors of 26011074.
2, 3, 37, 117167
What are the prime factors of 886413228?
2, 3, 3359, 21991
What are the prime factors of 2516537428?
2, 629134357
What are the prime factors of 24603598?
2, 541, 22739
What are the prime factors of 22035854?
2, 31, 355417
List the prime factors of 310602691.
7, 2161, 20533
What are the prime factors of 2454703533?
3, 53, 487, 10567
What are the prime factors of 85195080?
2, 3, 5, 236653
What are the prime factors of 280429311?
3, 2729, 34253
What are the prime factors of 24029856?
2, 3, 83437
What are the prime factors of 2019644005?
5, 2069, 195229
What are the prime factors of 255809260?
2, 5, 7, 1827209
What are the prime factors of 4474592924?
2, 139, 8047829
List the prime factors of 125042377.
4027, 31051
List the prime factors of 285663711.
3, 95221237
What are the prime factors of 185931803?
73, 157, 16223
List the prime factors of 7197495.
3, 5, 479833
List the prime factors of 2010427323.
3, 53, 12644197
List the prime factors of 554900.
2, 5, 31, 179
What are the prime factors of 55015622?
2, 27507811
List the prime factors of 64912656.
2, 3, 1352347
What a